 119 + (0 + -1 - 76)
-82
(20 - -11) + (35 - 46)
20
Calculate -8 + -19 + (2 - 2) + -168 + 170.
-25
Calculate 94 + -36 - -40 - 139.
-41
What is the value of 18 - (-12 + -19 + 42) - (-40 + 0 + -1)?
48
Calculate (-83 - -22) + 47 + 85.
71
What is 42 + 9 + (2 + 7 - (206 + -196))?
50
What is the value of -77 + 4 - (-6 + -6 + 7 + -69 + 79)?
-78
-1 + -41 + 34 + 1 + -36
-43
(1 + 5 - -35) + -57
-16
Evaluate -36 + -59 + 64 + (2 - (2 + -1)).
-30
What is the value of 54 + (-5 - (-6 - (3 - 15))) + 12 + -6?
49
What is (7 + -17 - 7) + -7 + 57 + -17?
16
786 - 740 - (0 - -87)
-41
What is 53 + (-34 - 7) + (3 - (6 + -9 + 4))?
14
What is the value of 74 + -1 + -371 + 303?
5
Evaluate 3 + -5 + 23 - 11 - (7 + -1).
4
What is 9 + -30 + 16 + (0 - 5) + 0 + -4?
-14
-65 + (-68 + 58 - -42)
-33
What is the value of (-135 + 141 - (-2 - 1)) + 1 + 0 + 79?
89
Calculate 5 + (14 + 0 + 0 - (-175 + 181) - 11).
2
What is (2 - -1) + 1 + -12 - (6 + (-2 - -53))?
-65
What is 99 - (63 - 97 - -39)?
94
Calculate -4 + 1 + -1 + 7 + 25457 + -25572.
-112
What is the value of 2 - (-95 + 46) - 11?
40
14 + -65 - -87 - 3
33
Calculate (-127 - -59) + (-56 - (-26 + 9)).
-107
What is (-146 - -191 - (48 - -15)) + (-2 - 6 - 1)?
-27
What is the value of -5 + (2 - (2 - (-19 - -13)) - -28)?
17
What is the value of 26 + (59 - 51 - 26)?
8
37 - (23 - (-32 + -32)) - (1 - -8)
-59
What is the value of -295 - -312 - (-1 + 1 + 3 + 1)?
13
What is the value of (92 - 75 - (-1 - -16)) + 5?
7
What is the value of 0 + -3 + 11 - (-1 - -7) - -6?
8
Evaluate -164 + 165 + -43 + -39.
-81
-111 - (58 - 275) - 168
-62
What is the value of (-57 - (-41 + 49)) + 87?
22
What is -14 + 28 - (3 + -14 + 10 + -2 + -6)?
23
Calculate -9 + -35 + -74 + 21.
-97
-19 - (10 - 111 - -43)
39
(584 - 501) + (-17 + 4 - (4 + -6))
72
0 - 8 - (-12 + 21 + -24 + (-4 - -1))
10
(-323 - -64) + 238 + 0 + 35
14
(41 - ((17 - -28) + -16)) + -21
-9
What is -10 - (62 + -67 + -28)?
23
Evaluate (3 - -3) + (-9 - (-15 - 15)).
27
Evaluate 41 + -49 + (-5 - -25).
12
Evaluate (12 - -13 - 7) + (-38 - 32).
-52
Calculate -42 + ((-12 - 6) + 6 - -24) + 11.
-19
(-24 - -33 - (-49 + -6 + -5)) + 0 + 1
70
What is -59 + -6 - (-17 + 0 + (-17 - -15 - -32))?
-78
What is -22 - -3 - (55 - 66) - 35?
-43
What is -9 - 4 - ((2 - 3) + (3 - (-2 - -3)))?
-14
What is the value of (-10 - (-34 + (13 - -4))) + -24 + (4 - 2)?
-15
Evaluate 22 + (-27 - (-40 - -47)).
-12
What is 33 + -4 + (88 + -68 - (-1 + 9))?
41
What is 9 - (-3 + 1) - (-387 - -317)?
81
What is 1494 + -1519 - (-4 - 141)?
120
Evaluate 3 - (-2 + -99) - (-957 + 966) - -24.
119
What is 5 - (6 - 67) - 15 - (4 + -3 - 5)?
55
What is -2122 - -2186 - (6 + 37)?
21
What is the value of -49 - (-3 - (-6 + 1 - -6)) - -10?
-35
Evaluate (-97 - (-93 + 22)) + -4.
-30
What is the value of 5 + -1 - (3852 - 3807) - (0 - -16)?
-57
Evaluate (2 - (91 + (1 - 1))) + (112 - (34 - -82)).
-93
What is the value of -77 + 91 + (-1 + 0 - 32)?
-19
What is -7 - (-16 - -28) - -5 - -6?
-8
Evaluate -27 - ((-10 - (-15 + 3 - -4)) + (1 - -1)).
-27
Evaluate -32 - 3 - (859 + -863).
-31
What is the value of -36 + (-44 - (43 - 143)) + 22?
42
(109 - 46) + (-58 - -53)
58
What is the value of 96 - (-32 + 119 - 12)?
21
Evaluate -483 + 463 + (-1 + 1 + 0 - -18).
-2
(0 - (1 + 2)) + 76 + (-87 - (6 - 99))
79
Calculate 74 - (49 - -36 - 79).
68
Calculate (-45 - (6 - (12 + -15 - 5 - -12))) + -10.
-57
What is the value of 57 - -21 - (49 + 7)?
22
4 + 5 + 2 + -5 - (1 + 1 + -1)
5
What is (28 - -1) + (-613 - -610)?
26
What is (0 - 11 - -4) + (87 - (3 + 12)) + 1?
66
-39 + (87 - 29 - 13)
6
Evaluate -20 - -61 - (57 + -14).
-2
Evaluate (-31 - -102 - 34) + -81.
-44
Evaluate (5 - (-13 - -11)) + (-3 - -46) - 13.
37
10 + -29 + (9 + -13 - (-5 - 12))
-6
Evaluate -2 + -17 - (5 + (8 - (-5 - -18))).
-19
Calculate 51 + (-2 - -7) + 6 + -11 + 9.
60
Evaluate (-4 - 11 - 8) + (57 - -1).
35
What is (21 + -6 - 43) + 7 - (-11 + -117)?
107
Calculate (1301 - 1298) + (-2 - (-4 + -93 + -1)).
99
What is -148 + (4 - -26) + (18 - ((8 - 31) + 56))?
-133
What is the value of -1 + -1 + -7 - (-34 + (-34 - (-20 - 0)))?
39
-2 + (25 - 33) - (-27 - 1)
18
What is -7 + (-17 - (-64 + 21)) + 22?
41
(-8 - (-2 - 6)) + 76 + -47
29
What is the value of (0 - (-23 - 25 - -26)) + -19?
3
Evaluate 755 + -769 + 26 + 2 - (-34 - -2).
46
Evaluate -20 - (-18 - 30 - -24) - 16.
-12
31 - ((17 - (3 - -7)) + -38)
62
What is the value of 48 + (-5 - (-26 + -29 - -22))?
76
Evaluate -5 - 7 - (37 - 66).
17
What is -49 + -44 + 1 + 15 + 3?
-74
Evaluate (-2 - -7) + -8 + 18 + -14 + -37.
-36
Evaluate 1 + -35 + -16 + (-71 - -68) + (-2 - -21).
-34
What is -47 - (69 + -58 - 49)?
-9
-113 + -5 + 47 - -57
-14
Calculate (1587 - 1586) + 1 + 1 + 36 + -1.
38
Calculate 42 + (-16 + -14 + 31 - -1).
44
What is the value of 17 + ((-33 - -14) + 28 - -12)?
38
What is the value of (-14 - 0) + (-2 - (13 - 18)) + 33?
22
Calculate 1 + (107 - 42 - 103).
-37
What is (32336 - 32395) + (19 - 0 - (-2 + 3))?
-41
(0 - -43 - -2) + (2643 - 2571)
117
What is the value of -6 - (-19 + 8 - -13) - -3?
-5
-12 + 11 + -23 + 8 - -68
52
Evaluate -17 + (-14 - -22) + 11 + -22 + 11.
-9
Calculate -15 - (11 + -11 - 12).
-3
-16 - (2 - 27) - (-17 - -17)
9
What is the value of 5638 - 5628 - (0 + 51 + -1)?
-40
Evaluate -1 - (-206 - -203 - (-50 + 0)).
-48
Calculate -38 + (32 - 8) + 18 + -15.
-11
0 + 12 + (5 - 23) + 43 + 11
48
Calculate 3 + 13 - (-40 - (24 - (102 - 41))).
19
What is (-97 - 4) + (114 - 42 - 76)?
-105
Calculate 4 + -20 + -13 + (36 - (4 - -8)) + -12.
-17
What is (1 - -5) + (-5 + -11 - -15)?
5
Evaluate -18 + 37 + -66 - -51.
4
91 - (26 - 97 - -29)
133
(-269 - (32 + -424)) + (0 - 0) + -8
115
What is the value of (-19 + 2 - 6 - (16 + -24)) + 68?
53
What is the value of -13 + (46 + (17 - 22) - 21)?
7
4 + -20 + 26 + -2 - 21
-13
What is (24 + -4 - (-1 + 7)) + (105 - 19)?
100
What is (-39 + (40 - 11) - (1 + -6)) + -3?
-8
What is the value of (33 - (68 + -53)) + (0 - -10)?
28
Evaluate 56 - (3 + -6) - -28 - -5.
92
Evaluate -65 + 1 - ((32 - (-12 - -25)) + (-7 - 0)).
-76
What is the value of -61 + -1 + 4 + 1 + (369 - 352)?
-40
What is 110 + -118 - ((7 - 3 - 10) + -134)?
132
Evaluate -57 + (47 - 97 - -191).
84
What is the value of -147 - ((-55 + 46 - (0 - -12)) + 19)?
-145
What is the value of -1 + 48 - (118 - (41 + 69))?
39
Calculate 47 + 2 + (26 - 88).
-13
Calculate -12 - (-71 + 22 + 89).
-52
Evaluate 60 + 22 + -3 + -61.
18
Calculate 0 + 9 + 2 - (221 - 190) - 23.
-43
Calculate 8 + 72 - 75 - (-2 + 59 - 1).
-51
(5 - 165) + 33 + -28 + 4 + 6
-145
What is 96 + -107 - ((-62 + -3 - -5) + 2)?
47
Evaluate (0 - 14) + (-61 - (-54 + -16)) + -8 + -1.
-14
Calculate 1 + -19 + 15 + (-12 - -22 - 27) + -9.
-29
Calculate (1 + 3 - (95 - 114)) + (1 - 14).
10
Calculate 13 + (-11 - 18) + 21 - (-21 - -3).
23
Evaluate -1 + (-15 - (-18 + (-3 - 1))).
6
What is the value of -20 - 2 - -80 - (3 + -9 + (1 - 1))?
64
Calculate -1 - 1 - (0 - -2) - ((-60 - -12) + 38).
6
What is 1 - (-439 - -433 - (0 + -122 + (13 - 17)))?
-119
Evaluate 4 + 4 + -8 + 44 + -10.
34
Calculate -19 - -17 - (554 - 543).
-13
Evaluate 121 - 5 - (601 + -552).
67
102 + (-40 + -117 - 73)
-128
Calculate -49 + (44 - (24 + -27 + -116)).
114
(14 - -1) + (-35 - -92) + -55
17
Evaluate -53 + 31 - (104 - 87).
-39
Calculate -6 + (-3 - -1) + (-10 + -18 - -18) + -38.
-56
Evaluate 51 - 2 - (-302 + 366).
-15
What is the value of 10 + 20 + (44 - 39) + -80?
-45
What is (-40 - (-64 + 34)) + 53 + 14?
57
What is the value of -21 + 119 + -110 - (2 + (-2 - 31)) - -11?
30
Evaluate (0 - (23 + -2) - (-13 - 24 - -29)) + 10.
-3
Calculate 15 + 8 + (-28 - -5) - 9 - (3 - -2).
-14
Calculate (24 - 13 - (9 + -4)) + -22 + -19 + 10.
-25
Calculate (-1 + 96 - (-16 + -20 + 31)) + (361 - 353).
108
What is the value of 40 + 4 - (-43 + 61 + 42)?
-16
Calculate (33 - (-16 + 19 - -15)) + 10.
25
What is the value of -111 + 83 + -2 + 50?
20
Calculate 0 + 2 + -12 + 14 + -3 + 3 - 37.
-33
(-34 - -3) + 13 + -7 + 5
-20
Evaluate 34 - (24 + (2 - 9) - 10) - -10.
37
Calculate -9 - (82 + -34) - (39 + -75).
-21
Evaluate -26 + (-127 - (18 - 138)).
-33
What is (29 - -2) + 589 + -648?
-28
Evaluate -8 + (82 - 0) + -34 - (2 - -5).
33
Calculate -17 + (16 - 8) - 65.
-74
What is 23 + 1 + 91 + -169 + 65 + (0 - -9)?
20
-5 + -1 + -22 - (-126 - -138)
-40
What is the value of 0 + -2 + -54 + 44 - (-1 + 4)?
-15
What is (-7 - -2) + -5 + 62 - 